{"id":6043,"date":"2014-09-14T15:19:26","date_gmt":"2014-09-14T15:19:26","guid":{"rendered":"https:\/\/drvaniya.com\/?page_id=6043"},"modified":"2022-12-25T12:09:49","modified_gmt":"2022-12-25T12:09:49","slug":"new-book","status":"publish","type":"page","link":"https:\/\/drvaniya.com\/?page_id=6043","title":{"rendered":"New Books"},"content":{"rendered":"<h2><span style=\"color: #b5125e;\"><strong>\u0627\u0644\u0643\u062a\u0628 \u0627\u0644\u062c\u062f\u064a\u062f\u0629<\/strong><\/span><\/h2>\n<p><a href=\"http:\/\/islamicshop.in\/store\/dr-v-abdur-rahim-books?p=1\"><img loading=\"lazy\" decoding=\"async\" class=\"alignleft size-full wp-image-8170\" title=\"buy and ship\" src=\"https:\/\/drvaniya.com\/wp-content\/uploads\/2014\/09\/buy-and-ship.png\" alt=\"\" width=\"145\" height=\"109\" \/><\/a><span style=\"font-size: 12pt; font-family: 'Comic Sans MS';\"><span style=\"color: #0000ff;\"><strong>BUY OUR WHOLE PROGRAM<\/strong>:<\/span><\/span><\/p>\n<p><span style=\"font-size: 13pt; font-family: 'Comic Sans MS';\"><span style=\"color: #0000ff;\"><strong><span style=\"color: #be2c49;\"><span style=\"color: #9c6416;\">Buy our Shaykh&#8217;s books &amp; courses in one go, from:<\/span><br \/>\n1) our distributor in <\/span><a href=\"https:\/\/islamicshop.in\/islamic-books-online-india\/dr-v-abdur-rahim\" target=\"_blank\" rel=\"noopener noreferrer\">India<\/a><span style=\"color: #28ae28;\"><em> or<\/em><br \/>\n2) our distributor in the <\/span> <span style=\"color: #28ae28;\"><a href=\"https:\/\/kitaabun.com\/shopping3\/index.php?manufacturers_id=151\" target=\"_blank\" rel=\"noopener noreferrer\"><span style=\"color: #28ae28;\">U.K.<br \/>\n<\/span><\/a><\/span><\/strong><\/span><br \/>\n<\/span><br \/>\n&nbsp;<br \/>\n<span style=\"font-size: 16pt; font-family: 'Comic Sans MS'; color: brown;\"><strong>Allaah Tests Three Men<\/strong><span style=\"font-size: 16pt; font-family: 'Comic Sans MS'; color: brown;\"><\/span><\/span><br \/>\n<img loading=\"lazy\" decoding=\"async\" src=\"https:\/\/drvaniya.com\/wp-content\/uploads\/2022\/12\/picture4.png\" alt=\"\" width=\"600\" height=\"350\" class=\"alignleft size-full wp-image-20418\" \/><br \/>\n&nbsp;<br \/>\n<span style=\"font-size: 14pt; font-family: 'Comic Sans MS'; color: brown;\"><br \/>\n&nbsp;<br \/>\n&nbsp;<br \/>\n&nbsp;<br \/>\n&nbsp;<br \/>\n&nbsp;<br \/>\n&nbsp;<br \/>\n&nbsp;<br \/>\n&nbsp;<br \/>\n&nbsp;<br \/>\n&nbsp;<br \/>\n&nbsp;<br \/>\nA new book in the field of cultivating children to develop Islaamic morals by reading Hadiith stories and instil a love for learning Arabic. Our Shaykh translates the famous Hadiith of the three men from Bani Israa&#8217;iil Whom Allaah tested. Beautiful, hand-drawn illustrations for everyone to enjoy. The Arabic text of the Hadiith is provided at the end of the book. Parents and teachers are advised to read the Hadiith in Arabic to children, after completing the story. <span style=\"font-size: 16pt; font-family: 'Comic Sans MS'; color: brown;\"><\/span><\/span><br \/>\n<span style=\"font-size: 14pt; font-family: 'Comic Sans MS'; color: brown;\"><strong><a href=\"https:\/\/drvaniya.com\/wp-content\/uploads\/2022\/12\/Shaykhs-Preface.pdf\"><span style=\"font-size: 14pt; font-family: 'Comic Sans MS'; color: brown;\">Shaykh&#8217;s Preface<\/a><\/strong><span style=\"font-size: 16pt; font-family: 'Comic Sans MS'; color: brown;\"><\/span><\/span><br \/>\n<span style=\"font-size: 14pt; font-family: 'Comic Sans MS'; color: black;\"><a href=\"https:\/\/iftchennai.in\/product\/allah-tests-three-men-islamic-moral-stories-for-children\/\" rel=\"noopener noreferrer\" target=\"_blank\">Buy now<\/a><span style=\"font-size: 16pt; font-family: 'Comic Sans MS'; color: brown;\"><\/span><\/span><br \/>\n&nbsp;<br \/>\n<span style=\"font-size: 16pt; font-family: 'Comic Sans MS'; color: blue;\">Remembering the Hijrah <span style=\"font-size: 16pt; font-family: 'Comic Sans MS'; color: blue;\"><\/span><\/span><br \/>\n<img loading=\"lazy\" decoding=\"async\" src=\"https:\/\/drvaniya.com\/wp-content\/uploads\/2022\/06\/\u0643\u062a\u0627\u0628-\u062c\u062f\u064a\u062f_\u0645\u0639\u0631\u0636.png\" alt=\"\" width=\"280\" height=\"380\" class=\"alignleft size-full wp-image-20363\" \/><br \/>\n<span style=\"font-size: 13pt; font-family: 'Comic Sans MS'; color: black;\"><em>Remembering the Hijrah<\/em> contains three noble Hadiiths that describe aspects of the Hijrah and fill the reader with suspense, anticipation and hope. We accompany the Prophet <strong>\u0635\u0644\u0649 \u0627\u0644\u0644\u0647 \u0639\u0644\u064a\u0647 \u0648\u0633\u0644\u0645<\/strong> and Abu Bakr <strong>\u0631\u0636\u064a \u0627\u0644\u0644\u0647 \u0639\u0646\u0647<\/strong> preparing for the journey, taking precautionary measures, receiving Allaah&#8217;s instructions on when and where to go, then finally exiting from Makkah to Madinah. The second narration tells of the failed attempt to capture and kill the Prophet and Abu Bakr.<span style=\"font-size: 13pt; font-family: 'Comic Sans MS'; color: green;\"><br \/>\n<img loading=\"lazy\" decoding=\"async\" src=\"https:\/\/drvaniya.com\/wp-content\/uploads\/2022\/06\/\u0643\u062a\u0627\u0628-\u062c\u062f\u064a\u062f.png\" alt=\"\" width=\"400\" height=\"160\" class=\"alignleft size-full wp-image-20364\" \/><br \/>\n&nbsp;<br \/>\n<span style=\"font-size: 13pt; font-family: 'Comic Sans MS'; color: green;\"><br \/>\n* Copious Lexical &#038; Grammatical Notes<br \/>\n* Additional Notes<br \/>\n* Exercises<br \/>\n* Full Harakaat al-I&#8217;raab<br \/>\n* Full English translation<br \/>\n* Large fonts<br \/>\n* Beautiful design<span style=\"font-size: 13pt; font-family: 'Comic Sans MS'; color: blue;\"><br \/>\n<\/span><\/span><br \/>\n<strong>Buy <a href=\"https:\/\/islamicshop.in\/islamic-books-online-india\/dr-v-abdur-rahim\/remembering-the-hijrah.html\" rel=\"noopener noreferrer\" target=\"_blank\">now<\/a><\/strong><br \/>\n&nbsp;<br \/>\n<img loading=\"lazy\" decoding=\"async\" src=\"https:\/\/drvaniya.com\/wp-content\/uploads\/2021\/09\/three-stories.jpg\" alt=\"\" width=\"685\" height=\"359\" class=\"alignleft size-full wp-image-18837\" srcset=\"https:\/\/drvaniya.com\/wp-content\/uploads\/2021\/09\/three-stories.jpg 685w, https:\/\/drvaniya.com\/wp-content\/uploads\/2021\/09\/three-stories-300x157.jpg 300w\" sizes=\"auto, (max-width: 685px) 100vw, 685px\" \/><br \/>\n<span style=\"font-size: 16pt; font-family: 'Comic Sans MS'; color: blue;\">Three Stories From Our Glorious Past<span style=\"font-size: 16pt; font-family: 'Comic Sans MS'; color: blue;\"><\/span><\/span><\/p>\n<p><span style=\"font-size: 13pt; font-family: 'Comic Sans MS'; color: green;\">Three inspiring stories from the biographies of the scholars. Each story contains lessons and morals.<br \/>\n<span style=\"font-size: 13pt; font-family: 'Comic Sans MS'; color: green;\"><br \/>\n* Detailed lexical and grammatical notes<br \/>\n* Additional notes<br \/>\n* Exercises<span style=\"font-size: 13pt; font-family: 'Comic Sans MS'; color: blue;\"><br \/>\n<\/span><\/span><br \/>\n<strong>Buy <a href=\"https:\/\/islamicshop.in\/islamic-books-online-india\/dr-v-abdur-rahim\/three-stories-from-our-glorious-past.html\" rel=\"noopener noreferrer\" target=\"_blank\">now<\/a><\/strong> <\/p>\n<p><span style=\"font-size: 12.5pt; font-family: 'Comic Sans MS'; color: blue;\">&#8216;Three Stories&#8230;&#8217;<span style=\"font-size: 12pt; font-family: 'Comic Sans MS'; color: blue;\"><span style=\"font-size: 12.5pt; font-family: 'Comic Sans MS'; color: red;\"> is now a free download in the <a href=\"https:\/\/drvaniya.com\/?page_id=1420\" rel=\"noopener noreferrer\" target=\"_blank\">Advanced Library<\/a><\/span><\/span><\/p>\n<p>&nbsp;<br \/>\n<img loading=\"lazy\" decoding=\"async\" class=\"alignnone size-full wp-image-11188\" title=\"Proud to be Muslim_cover\" src=\"https:\/\/drvaniya.com\/wp-content\/uploads\/2014\/09\/Proud-to-be-Muslim_cover.jpg\" alt=\"\" width=\"290\" height=\"290\" \/><\/p>\n<h3><span style=\"color: #a52a2a;\"><span style=\"color: #993300;\"><strong>I am Proud to be a Muslim<\/strong><\/span><br \/>\n<\/span><\/h3>\n<h3><span style=\"color: #993300;\">\u00a040 jewels of Islam are picked and explained to educate why a Muslim is honoured to be a Muslim. Supported with many truths and facts.<\/span><\/h3>\n<p>Published by <span style=\"color: #993300;\"><em>U.K. Islamic Academy, Leicester<\/em><\/span><br \/>\nBuy from <span style=\"color: #ff0000;\"><a href=\"https:\/\/islamicshop.in\/store\/dr-v-abdur-rahim-books\/i-am-proud-to-be-a-muslim.html\" target=\"_blank\" rel=\"noopener noreferrer\"><span style=\"color: #ff0000;\">India <\/span><\/a><\/span>or the <a href=\"https:\/\/kitaabun.com\/shopping3\/proud-muslim-abdur-rahim-gems-real-islam-p-6826.html\" target=\"_blank\" rel=\"noopener noreferrer\"><span style=\"color: #ff0000;\">U.K.<\/span><\/a><\/p>\n<h3><img loading=\"lazy\" decoding=\"async\" class=\"alignnone size-full wp-image-11100\" title=\"aadiyaat_new books\" src=\"https:\/\/drvaniya.com\/wp-content\/uploads\/2014\/09\/aadiyaat_new-books.jpg\" alt=\"\" width=\"290\" height=\"300\" \/><\/h3>\n<h2><span style=\"color: #993300;\"><strong><strong>\u0633\u0648\u0631\u0629 \u0627\u0644\u0639\u0627\u062f\u064a\u0627\u062a<\/strong><\/strong><\/span><\/h2>\n<h3><strong><span style=\"color: #993300;\">With Lexical and Grammatical Notes (English-Arabic)<br \/>\n<\/span><\/span><\/strong><span style=\"color: #c5773a;\"><strong>Buy <a href=\"https:\/\/islamicshop.in\/store\/dr-v-abdur-rahim-books\/surat-al-adiyat-with-lexical-grammatical-notes.html\" target=\"_blank\" rel=\"noopener noreferrer\"><span style=\"color: #c5773a;\">now<\/span><\/a>.<\/strong><\/span><\/h3>\n<p><strong><span style=\"color: #d30c28;\"><strong>\u0633\u0648\u0631\u0629 \u0627\u0644\u0639\u0627\u062f\u064a\u0627\u062a<\/strong> is now a free download in the <span style=\"color: #3370cc;\"><a href=\"https:\/\/drvaniya.com\/?page_id=1420\" target=\"_blank\" rel=\"noopener noreferrer\"><span style=\"color: #3370cc;\">Advanced Library<\/span><\/a>.<\/span><\/span><\/strong><\/p>\n<p><img loading=\"lazy\" decoding=\"async\" class=\"alignnone size-full wp-image-11116\" title=\"iqsaam\" src=\"https:\/\/drvaniya.com\/wp-content\/uploads\/2014\/09\/iqsaam.jpg\" alt=\"\" width=\"290\" height=\"300\" \/><\/p>\n<h2><span style=\"color: #003366;\"><strong> \u00ab\u0625\u0642\u0633\u0627\u0645\u064f \u0627\u0644\u0623\u064e\u064a\u0652\u0645\u064e\u0627\u0646\u0650 \u0641\u064a \u0623\u0642\u0633\u0627\u0645\u0650 \u0627\u0644\u0642\u0631\u0622\u0646\u00bb<\/strong><\/span><\/h2>\n<h3><span style=\"color: #008080;\">400 noble \u0101y\u0101t are quoted, arranged and discussed in this breath-taking publication which gathers and expounds every \u0101yah in the Qur\u02be\u0101n containing a <em>Qasam<\/em> and <em>Jaw\u0101b al-Qasam.<\/em><\/span><\/h3>\n<h3><span style=\"color: #008080;\"><\/span><\/h3>\n<h5><span style=\"color: #333399;\"><strong>Published by D\u0101r al-Qalam, Syria. Two-colour print, hard-back cover, beautiful design. <\/strong><\/span><\/h5>\n<h4><span style=\"color: #000080;\"><strong>Buy from <a href=\"https:\/\/kitaabun.com\/shopping3\/iqsamul-ayman-aqsamil-quran-abdur-rahim-arabic-p-7044.html?osCsid=dv65ka81mf01slscnkugpk7u22\" target=\"_blank\" rel=\"noopener noreferrer\">U.K.<\/a> or <a href=\"https:\/\/www.arabicbookshop.net\/iqsam-al-ayman-fi-aqsam-al-quran\/260-401\" target=\"_blank\" rel=\"noopener noreferrer\">Lebanon\u00a0<\/a> or <a href=\"http:\/\/islamicshop.in\/store\/dr-v-abdur-rahim-books\/iqsam-al-ayman-fi-aqsam-al-qur-an.html\" target=\"_blank\" rel=\"noopener noreferrer\">India<\/a>.<br \/>\n<\/strong><\/span><\/h4>\n<p><strong><span style=\"color: #d30c28;\">\u0625\u0642\u0633\u0627\u0645 \u0627\u0644\u0627\u064a\u0645\u0627\u0646 \u0641\u064a \u0623\u0642\u0633\u0627\u0645 \u0627\u0644\u0642\u0631\u0622\u0646 is now a free download in the <span style=\"color: #3370cc;\"><a href=\"https:\/\/drvaniya.com\/?page_id=1420\" target=\"_blank\" rel=\"noopener noreferrer\"><span style=\"color: #3370cc;\">Advanced Library<\/span><\/a>.<\/span><\/span><\/strong><\/p>\n<p><img loading=\"lazy\" decoding=\"async\" class=\"alignnone size-full wp-image-9335\" title=\"well of madyan\" src=\"https:\/\/drvaniya.com\/wp-content\/uploads\/2014\/09\/well-of-madyan.jpg\" alt=\"\" width=\"500\" height=\"500\" \/><\/p>\n<h3><span style=\"color: #3f8d35;\">&#8216;At the Well of Madyan:<\/span><br \/>\n<span style=\"color: #3f8d35;\"> Suurat al-QaSaS, aayaat 23-43 With Lexical and Grammatical Notes&#8217;<\/span><br \/>\n<strong>Buy from the<a href=\"https:\/\/kitaabun.com\/shopping3\/well-madyan-surat-qasas-ayat-abdur-rahim-p-4928.html\" target=\"_blank\" rel=\"noopener noreferrer\"> U.K.<\/a> or <a href=\"https:\/\/islamicshop.in\/store\/dr-v-abdur-rahim-books\/at-the-well-of-madyan-surat-al-qasas-ayat-23-43-with-lexical-grammatical-notes.html\" target=\"_blank\" rel=\"noopener noreferrer\"> India<\/a><\/strong><\/p>\n<p><span style=\"color: #d30c28;\"><em>At the Well of Madyan<\/em> is now a free download in the <span style=\"color: #3370cc;\"><a href=\"https:\/\/drvaniya.com\/?page_id=1420\" target=\"_blank\" rel=\"noopener noreferrer\"><span style=\"color: #3370cc;\">Advanced Library<\/span><\/a>.<\/span><\/span><\/p>\n<p><img loading=\"lazy\" decoding=\"async\" class=\"alignnone size-full wp-image-9086\" title=\"al_israa\" src=\"https:\/\/drvaniya.com\/wp-content\/uploads\/2014\/09\/al_israa.jpg\" alt=\"\" width=\"250\" height=\"250\" \/><\/p>\n<p><a href=\"https:\/\/drvaniya.com\/wp-content\/uploads\/2014\/09\/Suurat-al-Israa-Beautiful-New-Book-on-Major-Islaamic-Duties.pdf\"><span style=\"color: #ba422d;\"><strong>Suurat al-Israa &#8211; Focus on Major Islaamic Duties<\/strong><\/span><\/a><\/p>\n<p><span style=\"color: #800000;\"><strong>Buy <a href=\"http:\/\/islamicshop.in\/store\/dr-v-abdur-rahim-books\/surat-al-isra.html\" target=\"_blank\" rel=\"noopener noreferrer\"><span style=\"color: #800000;\">now<\/span><\/a><\/strong><\/span><\/p>\n<p><span style=\"color: #d30c28;\"><em>Suurat al-Israa<\/em> (the book) is now a free download in the<\/span> <a href=\"https:\/\/drvaniya.com\/?page_id=1420\" target=\"_blank\" rel=\"noopener noreferrer\">Advanced Library.<\/a><\/p>\n<p><img loading=\"lazy\" decoding=\"async\" class=\"alignnone size-full wp-image-9088\" title=\"iththaaqaltum_new\" src=\"https:\/\/drvaniya.com\/wp-content\/uploads\/2014\/09\/iththaaqaltum_new.jpg\" alt=\"\" width=\"250\" height=\"250\" \/><\/p>\n<p><strong><a href=\"https:\/\/drvaniya.com\/wp-content\/uploads\/2019\/09\/Iththaaqaltum-with-feedback-from-advanced-student.pdf\" target=\"_blank\" rel=\"noopener noreferrer\">Iththaaqaltum &#8211; with student&#8217;s feedback<\/a><\/strong><\/p>\n<p><span style=\"color: #000080;\"><strong><span style=\"color: #ff0000;\"><span style=\"color: #000080;\">Buy from<\/span> <\/span><a href=\"http:\/\/islamicshop.in\/iththaqaltum.html\" target=\"_blank\" rel=\"noopener noreferrer\"><span style=\"color: #000080;\">India<\/span><\/a><\/strong><\/span>\u00a0 <span style=\"color: #d71c32;\"><strong>or <span style=\"color: #d9253b;\"><a href=\"https:\/\/kitaabun.com\/shopping3\/product_info.php?manufacturers_id=151&amp;products_id=6394\" target=\"_blank\" rel=\"noopener noreferrer\"><span style=\"color: #d9253b;\">U.K.<\/span><\/a><\/span><\/strong><\/span><\/p>\n<p><span style=\"color: #d30c28;\"><em>Iththaaqaltum<\/em> is now a free download in the<\/span> <a href=\"https:\/\/drvaniya.com\/?page_id=1420\" target=\"_blank\" rel=\"noopener noreferrer\">Advanced Library<\/a>.<\/p>\n<p><img loading=\"lazy\" decoding=\"async\" class=\"alignnone size-full wp-image-9110\" title=\"mu''jam al-dakhiil_al-qawl al-aSiil\" src=\"https:\/\/drvaniya.com\/wp-content\/uploads\/2014\/09\/mujam-al-dakhiil_al-qawl-al-aSiil.jpg\" alt=\"\" width=\"450\" height=\"450\" \/><\/p>\n<p><span style=\"color: #993300;\"><strong><a href=\"https:\/\/drvaniya.com\/wp-content\/uploads\/2014\/09\/Arabic-Philology-2-Profound-Specialised-Dictionaries.pdf\"><span style=\"color: #993300;\">Arabic Philology &#8211; 2 Profound Specialised Dictionaries<\/span><\/a><\/strong><\/span><\/p>\n<p><span style=\"color: #993300;\"><strong>1. <span style=\"color: #c71c1c;\">Mu&#8217;jam al-Dakhiil<\/span>:\u00a0\u00a0 Buy from the <\/strong><\/span><span style=\"color: #993300;\"><strong><span style=\"color: #993300;\"><a href=\"https:\/\/kitaabun.com\/shopping3\/mujam-dakhil-lughat-arabiya-haditha-rahim-p-6545.html\" target=\"_blank\" rel=\"noopener noreferrer\">U.K.<\/a><\/span><\/strong><\/span><span style=\"color: #993300;\"><strong> or <span style=\"color: #993300;\"><a style=\"color: #993300;\" href=\"https:\/\/www.arabicbookshop.net\/mujam-al-dakhil-fi-al-lughah-al-arabiyah-al-hadithah-wa-lahjatiha\/211-191\" target=\"_blank\" rel=\"noopener noreferrer\">Lebanon<\/a><\/span>, or <a href=\"http:\/\/islamicshop.in\/store\/dr-v-abdur-rahim-books\/mu-jam-al-dakhil-fi-al-lughah-al-arabiyah-al-adithah-wa-lahjatiha.html\" target=\"_blank\" rel=\"noopener noreferrer\"><span style=\"color: #993300;\">India<\/span><\/a><\/strong><\/span><\/p>\n<p><strong>2. <span style=\"color: #c71c1c;\">Al-Qawl al-&#8216;Asiil:<\/span>\u00a0\u00a0\u00a0\u00a0\u00a0 Buy from <\/strong><a href=\"http:\/\/islamicshop.in\/store\/dr-v-abdur-rahim-books\/al-qawl-al-aseel-fima-fi-l-arabiyyati-min-al-dakheel-arabic.html\" target=\"_blank\" rel=\"noopener noreferrer\"><span style=\"color: #993300;\"><strong>India<\/strong><br \/>\n<\/span><\/a><\/p>\n<p><span style=\"color: #d30c28;\"><strong>\u0645\u0639\u062c\u0645 \u0627\u0644\u062f\u062e\u064a\u0644<\/strong> is now a free download in the Advanced Library: <\/span> <a href=\"https:\/\/drvaniya.com\/?page_id=16770\" target=\"_blank\" rel=\"noopener noreferrer\">Arabic Philology<\/a>.<\/p>\n<p><img loading=\"lazy\" decoding=\"async\" class=\"alignnone size-full wp-image-11081\" title=\"siHr al-alHaaZ\" src=\"https:\/\/drvaniya.com\/wp-content\/uploads\/2014\/09\/siHr-al-alHaaZ.jpg\" alt=\"\" width=\"270\" height=\"200\" \/><\/p>\n<h2><span style=\"color: #333399;\"><strong>\u0633\u062d\u0631 \u0627\u0644\u0623\u0644\u062d\u0627\u0638 \u0641\u064a \u0634\u0639\u0631 \u0627\u0644\u0623\u0644\u0641\u0627\u0638<\/strong><\/span><\/h2>\n<h4><span style=\"color: #000080;\">New book &#8211; description to follow, in sha Allaah.<\/span> <span style=\"color: #ff0000;\">Buy from <a href=\"https:\/\/www.arabicbookshop.net\/sihr-al-alhaz-fi-shir-al-alfaz\/286-28\" target=\"_blank\" rel=\"noopener noreferrer\">Lebanon<\/a> or <span style=\"color: #3366ff;\"><a style=\"color: #3366ff;\" href=\"https:\/\/islamicshop.in\/store\/dr-v-abdur-rahim-books\/sihr-al-alhaz-fi-shir-al-alfaz.html\" target=\"_blank\" rel=\"noopener noreferrer\">India<\/a><\/span>.<\/span><\/h4>\n<p><img loading=\"lazy\" decoding=\"async\" class=\"alignnone size-full wp-image-11091\" title=\"urdu kitab\" src=\"https:\/\/drvaniya.com\/wp-content\/uploads\/2014\/09\/urdu-kitab.jpg\" alt=\"\" width=\"269\" height=\"270\" \/><\/p>\n<h3><span style=\"color: #993300;\">Gulistan-e-Alfaz-wa-Maani (in Urdu).<\/span><\/h3>\n<p><strong><span style=\"color: #cc0033;\">Buy <a href=\"https:\/\/islamicshop.in\/store\/dr-v-abdur-rahim-books\/gulistan-e-alfaz-wa-maani.html\" target=\"_blank\" rel=\"noopener noreferrer\">now<\/a>.<\/span><\/strong><\/p>\n<p><img loading=\"lazy\" decoding=\"async\" class=\"alignnone size-full wp-image-14852\" src=\"https:\/\/drvaniya.com\/wp-content\/uploads\/2019\/12\/mad_bk_7.jpg\" alt=\"\" width=\"534\" height=\"476\" srcset=\"https:\/\/drvaniya.com\/wp-content\/uploads\/2019\/12\/mad_bk_7.jpg 534w, https:\/\/drvaniya.com\/wp-content\/uploads\/2019\/12\/mad_bk_7-300x267.jpg 300w\" sizes=\"auto, (max-width: 534px) 100vw, 534px\" \/><\/p>\n<p><span style=\"color: #000080;\">Also suitable for Beginners studying the 3 Madinah Books<\/span><\/p>\n<p><span style=\"color: #000080;\">Vibrant extracts in <strong><a href=\"https:\/\/drvaniya.com\/?page_id=2964\"><span style=\"color: #000080;\">Children&#8217;s Library<\/span><\/a><\/strong> and <strong><a href=\"https:\/\/drvaniya.com\/?page_id=5556\"><span style=\"color: #000080;\">Children&#8217;s Book Fair<\/span><\/a><\/strong><a href=\"https:\/\/drvaniya.com\/?page_id=5556\"><span style=\"color: #000080;\"><strong>.<\/strong><\/span><\/a><\/span><\/p>\n<p><span style=\"color: #000080;\"><strong>Vol 7: Buy now from <a href=\"https:\/\/kitaabun.com\/shopping3\/product_info.php?products_id=5501\" target=\"_blank\" rel=\"noopener noreferrer\"><span style=\"color: #000080;\">U.K.<\/span><\/a> or <a href=\"http:\/\/islamicshop.in\/store\/dr-v-abdur-rahim-books\/madinah-arabic-reader-book-7.html\" target=\"_blank\" rel=\"noopener noreferrer\"><span style=\"color: #000080;\">India<\/span><\/a><\/strong><\/span><\/p>\n<p><img loading=\"lazy\" decoding=\"async\" class=\"alignnone size-full wp-image-14859\" src=\"https:\/\/drvaniya.com\/wp-content\/uploads\/2019\/12\/mad_bk8_kids.jpg\" alt=\"\" width=\"300\" height=\"400\" \/><\/p>\n<p><span style=\"color: #000080;\"><strong>Vol 8: Buy now from <a href=\"http:\/\/www.goodwordbooks.com\/products\/madinah-arabic-reader-8\" target=\"_blank\" rel=\"noopener noreferrer\"><span style=\"color: #000080;\">India<\/span><\/a><\/strong><\/span><\/p>\n<p><img loading=\"lazy\" decoding=\"async\" class=\"alignleft size-full wp-image-13577\" src=\"https:\/\/drvaniya.com\/wp-content\/uploads\/2019\/09\/uitimate-arabic-lq.jpg\" alt=\"\" width=\"500\" height=\"500\" \/><\/p>\n<h3><span style=\"color: #7a1e9e;\"><strong>\u062f\u0631\u0648\u0633 \u0627\u0644\u0644\u063a\u0629 \u0627\u0644\u0639\u0631\u0628\u064a\u0629<\/strong><\/span><\/h3>\n<h3><strong><span style=\"color: #7a1e9e;\">&#8216;Ultimate Arabic : The Effective Beginner&#8217;s Guide&#8217;:<br \/>\n<\/span><\/strong><\/h3>\n<h3><strong><span style=\"color: #7a1e9e;\">Arabic Course as Taught at the Islaamic University of Madinah&#8217;<br \/>\n<\/span><\/strong><\/h3>\n<p><span style=\"color: #7a1e9e;\">4 Arabic course books in full colour (3 Madinah Books split into 4 parts), with colour-coded text and pictures. Published by Goodword Books &amp; LQToronto <em>(with different book covers)<\/em><\/span><\/p>\n<p>Buy from India: Goodword Books (Book <a href=\"http:\/\/www.goodwordbooks.com\/products\/ultimate-arabic-book-1\" target=\"_blank\" rel=\"noopener noreferrer\">1<\/a>,\u00a0 <a href=\"http:\/\/www.goodwordbooks.com\/products\/ultimate-arabic-book-2\" target=\"_blank\" rel=\"noopener noreferrer\">2<\/a>, \u00a0<a href=\"http:\/\/www.goodwordbooks.com\/products\/ultimate-arabic-book-3a\" target=\"_blank\" rel=\"noopener noreferrer\">3A<\/a>, \u00a0<a href=\"http:\/\/www.goodwordbooks.com\/products\/ultimate-arabic-book-3b\" target=\"_blank\" rel=\"noopener noreferrer\">3B<\/a> ),\u00a0 or\u00a0 <a href=\"https:\/\/islamicshop.in\/islamic-books-online-india\/dr-v-abdur-rahim\" target=\"_blank\" rel=\"noopener noreferrer\">Islamicshop<\/a><\/p>\n<p><span style=\"color: #d30c28;\"><em>Ultimate Arabic (Books 1-4)<\/em> with Keys and Solutions are now in full-colour and a <a href=\"http:\/\/www.lqtoronto.com\/madinaarabic.html\" target=\"_blank\" rel=\"noopener noreferrer\">free download<\/a><\/span>.<\/p>\n","protected":false},"excerpt":{"rendered":"<p>\u0627\u0644\u0643\u062a\u0628 \u0627\u0644\u062c\u062f\u064a\u062f\u0629 BUY OUR WHOLE PROGRAM: Buy our Shaykh&#8217;s books &amp; courses in one go, from: 1) our distributor in India or 2) our distributor in the U.K. &nbsp; Allaah Tests Three Men &nbsp; &nbsp; &nbsp; &nbsp; &nbsp; &nbsp; &nbsp; &hellip; <a href=\"https:\/\/drvaniya.com\/?page_id=6043\">Continue reading <span class=\"meta-nav\">&rarr;<\/span><\/a><\/p>\n","protected":false},"author":1,"featured_media":0,"parent":0,"menu_order":0,"comment_status":"closed","ping_status":"closed","template":"","meta":{"footnotes":""},"class_list":["post-6043","page","type-page","status-publish","hentry"],"_links":{"self":[{"href":"https:\/\/drvaniya.com\/index.php?rest_route=\/wp\/v2\/pages\/6043","targetHints":{"allow":["GET"]}}],"collection":[{"href":"https:\/\/drvaniya.com\/index.php?rest_route=\/wp\/v2\/pages"}],"about":[{"href":"https:\/\/drvaniya.com\/index.php?rest_route=\/wp\/v2\/types\/page"}],"author":[{"embeddable":true,"href":"https:\/\/drvaniya.com\/index.php?rest_route=\/wp\/v2\/users\/1"}],"replies":[{"embeddable":true,"href":"https:\/\/drvaniya.com\/index.php?rest_route=%2Fwp%2Fv2%2Fcomments&post=6043"}],"version-history":[{"count":359,"href":"https:\/\/drvaniya.com\/index.php?rest_route=\/wp\/v2\/pages\/6043\/revisions"}],"predecessor-version":[{"id":6048,"href":"https:\/\/drvaniya.com\/index.php?rest_route=\/wp\/v2\/pages\/6043\/revisions\/6048"}],"wp:attachment":[{"href":"https:\/\/drvaniya.com\/index.php?rest_route=%2Fwp%2Fv2%2Fmedia&parent=6043"}],"curies":[{"name":"wp","href":"https:\/\/api.w.org\/{rel}","templated":true}]}}